)/(u/(-6)). Suppose -2*v - r*l = -120, 7*l - 2*l = -v + 60. What is the greatest common divisor of v and 6?
6
Let m(d) = d**2 + 1 + 6*d + 4 - 9. Let u be m(-7). Suppose -u = -b + 1. What is the greatest common divisor of 36 and b?
4
Let m = 39 + -11. What is the highest common divisor of m and 14?
14
Let r be -3*-4*(-4)/(-2). Calculate the highest common divisor of 36 and r.
12
Suppose 4*q + 24 = -0*q - 4*t, -5*t + 12 = -q. Let j = 14 + q. Suppose -j = -3*s - 5*g, -s - 3 = 5*g - 2. Calculate the greatest common divisor of s and 2.
2
Let y(x) = x**2 - 6*x - 10. Let t be y(10). Calculate the highest common divisor of t and 45.
15
Let c(h) = 7*h**2. Let t be c(1). Let j be 61/9 + 4/18. What is the greatest common factor of j and t?
7
Let x be 575/((-25)/(-5)) + -5. What is the greatest common factor of 44 and x?
22
Let i be (-15 - -1)/(1/2). Let k = i + 48. Let m = 28 - k. Calculate the highest common divisor of 12 and m.
4
Let d(w) = w**3 - 2*w**2 - 4*w. Let k be d(3). Let y be ((-3)/5)/(k/75). Suppose 5*c + 0*c - y = 0. Calculate the greatest common divisor of 1 and c.
1
Let g(d) = -d + 12. Let n be g(6). Suppose -124 - 38 = -3*q. What is the highest common factor of q and n?
6
Suppose 4*h + 180 = 5*p, 3*p - 144 = -p + 5*h. Let o = -82 + 59. Let t = p + o. Calculate the greatest common factor of 91 and t.
13
Let x be 1*(260/(-2))/(-2). Suppose -4*q + 5 = -3, 5*z + q - 67 = 0. Calculate the highest common factor of z and x.
13
Let n = -156 + 197. Calculate the highest common divisor of n and 41.
41
Suppose 5*s = -0*s + 95. Suppose -4*f + 107 = s. Let b = f + -1. Calculate the greatest common divisor of 105 and b.
21
Suppose -2*n + 46 + 4 = -3*i, 12 = n + 5*i. What is the greatest common divisor of 11 and n?
11
Let r = -181 + 379. Suppose -4*w + f + 72 = -0*w, 0 = -3*w + f + 54. Calculate the highest common factor of r and w.
18
Let m be (-75)/(-27) - (-2)/9. Suppose m*u + 3 = 15. Suppose 3 = j - u. Calculate the highest common divisor of j and 1.
1
Let u = 57 - 30. What is the highest common divisor of u and 243?
27
Suppose 2*p - 3*w = 14, 2 - 1 = 5*p + w. Let k be 8 + p/(1/(-4)). Calculate the highest common factor of 4 and k.
4
Let p be 800/(-8)*1/(-2). What is the greatest common divisor of 10 and p?
10
Let u be 78/4*4/6. What is the highest common divisor of u and 104?
13
Suppose -2*o + 4 = -116. Let p(g) = 5*g**2 - g - 4. Let b be p(-3). Let f = 68 - b. Calculate the highest common factor of f and o.
12
Suppose 4*b = 9*b - 180. Calculate the highest common divisor of b and 9.
9
Let x be 1148/63 + (-2)/9. Let t(k) = -12*k - 3. Suppose v = 1 - 5. Let i be t(v). Calculate the highest common factor of x and i.
9
Let y be 10/((-2)/(-8*1)). Let m be 2 - (3 + (3 - 14)). Calculate the greatest common divisor of y and m.
10
Let p be (-42)/5*60/(-18). Suppose 0*k = 2*z - 3*k - 36, z - p = 4*k. What is the highest common factor of 84 and z?
12
Let c(b) = 8*b - 3. Let o be c(2). Let h be (-82)/8 - (-1)/4. Let j be (-36)/(-45) - 512/h. Calculate the greatest common factor of j and o.
13
Let t be (4/6)/(10/1815). Calculate the greatest common divisor of t and 11.
11
Suppose 35 = -2*z + 3*z. Calculate the greatest common divisor of 105 and z.
35
Let l be 6/(-36) + 1/6. Let z be (5 + 1)/(l - -1). What is the highest common factor of 12 and z?
6
Let f(y) = -1 + 69*y**2 - y + y - 5*y + 3*y. Let p be f(-1). What is the greatest common factor of 14 and p?
14
Let k = -146 - -232. Let f = -30 + k. Let p be ((-1)/(-2))/(2/f). What is the greatest common divisor of 70 and p?
14
Suppose -46 = -4*x + 34. What is the greatest common factor of x and 20?
20
Let l(m) = -3*m**3 + 2*m + 2. Let x be (-1)/(-1) + 15/(-5). Let c be l(x). Suppose -4*g = -6*g + c. What is the greatest common factor of 55 and g?
11
Let n(z) = 2*z + 22. Let s be n(-10). Calculate the highest common divisor of s and 2.
2
Let v be 4/6 + (-22)/(-3). Suppose -4 + 0 = 2*b. Let t(i) = -4*i**3 + 2*i**2 - i - 2. Let c be t(b). What is the highest common divisor of v and c?
8
Let r = 4 - -2. Suppose -2*b + 3*b = 11. Let m be (b + 1)/((-2)/(-6)). Calculate the greatest common divisor of r and m.
6
Suppose 0 = -k + 12 - 4. Suppose -20 = -2*i + k. Let o(f) = 3*f**3 - 2*f + 1. Let a be o(1). Calculate the greatest common divisor of i and a.
2
Let a = -48 + 145. Suppose -5*j = -v + a, -2*j - 41 - 113 = -2*v. Calculate the highest common factor of 18 and v.
18
Suppose v + 3*v = 64. Let r = -11 + v. Suppose 2*t = -3*t - 5*z + 5, 3*z + 12 = 0. Calculate the highest common factor of r and t.
5
Let i(w) be the second derivative of -w**5/20 + 3*w**2/2 - 3*w. Let l be i(0). Let j be -2 - 3/(l/(-82)). Calculate the highest common divisor of 20 and j.
20
Let p be ((-232)/(-12))/((2 - -1)/9). What is the greatest common factor of p and 29?
29
Suppose 0 = -2*n + t - 3*t + 32, 0 = -5*n + 2*t + 45. What is the greatest common factor of n and 11?
11
Let j be (5/2)/((-1)/(-6)). Let a = 3 - 0. Calculate the highest common divisor of a and j.
3
Let a = -2 - -5. Suppose -4*v + 2*j = -0*j - 10, -a*v = 2*j + 3. What is the greatest common divisor of v and 1?
1
Let s = -18 - -26. Let t(w) = w**3 - 10*w**2 - 11*w + 16. Let i be t(11). What is the greatest common factor of s and i?
8
Let g be ((-5 - -1)/4)/(1/(-230)). What is the highest common divisor of 46 and g?
46
Suppose 2*c = -0*c - 4, -2*c + 171 = 5*f. Calculate the highest common factor of f and 5.
5
Suppose -t - 3*b + 154 + 20 = 0, 2*t - 5*b - 315 = 0. What is the greatest common factor of 15 and t?
15
Let w = -1 + -7. Let i be 57/6 + (-4)/(-8). Let n be (i + w)/((-1)/(-72)). Calculate the highest common divisor of 18 and n.
18
Let f(u) = -u - 3. Suppose -2*o = 4*m + 28, 0 = -2*o - 6 + 2. Let l = m + -1. Let w be f(l). What is the greatest common factor of w and 44?
4
Suppose -351 = 4*d - 7*d. Calculate the greatest common factor of d and 13.
13
Let g(i) = -i**2 - 4*i - 1. Let n be g(-3). Suppose 0 = a - n - 1, u = -a + 87. Let j = -49 + u. What is the greatest common divisor of 5 and j?
5
Let k be (1/2*8)/1. Let u be 66/(-14) + (-4)/14. Let z be (-15)/(-6)*(-4)/u. What is the greatest common divisor of k and z?
2
Let t be 6*(4/(-3) - -2). Suppose t*c + 8 = 6*c. Calculate the greatest common factor of c and 12.
4
Suppose 0*s + 3*s = 0. Let y = 2 - s. What is the highest common divisor of y and 10?
2
Let n(f) = 13*f**2 - 2*f - 2. Let z be n(-1). What is the highest common factor of z and 65?
13
Let r(o) = 32*o. Let b be r(1). Calculate the greatest common factor of 16 and b.
16
Let t(j) = -j + 278. Let z be t(0). Suppose 3*i - n + 54 = z, 0 = 2*i + 3*n - 142. Suppose i = 5*h - 101. Calculate the greatest common factor of h and 14.
7
Let t(h) = -h**3 + 8*h**2 - 8*h + 8. Let x be t(7). Suppose -d + 2 = x. Calculate the greatest common factor of 1 and d.
1
Suppose 0*h - 3*h = -6. Suppose 2*m - 28 = -h*m. Let c = m + 1. What is the greatest common factor of 8 and c?
8
Let f = -4 - -16. What is the highest common divisor of f and 12?
12
Suppose 80 = 4*o - 2*z, 2*o + 0*z = 3*z + 48. What is the highest common divisor of o and 126?
18
Let b(t) be the third derivative of t**6/120 + 3*t**5/20 - 3*t**4/8 - 11*t**3/6 - 5*t**2. Let h be b(-9). What is the greatest common factor of 28 and h?
14
Let a = -43 - 49. Let p = a - -172. What is the greatest common factor of 32 and p?
16
Suppose j - 2*j = -32. Suppose 22 = -5*z + 62. Calculate the greatest common factor of z and j.
8
Let w = 3 - 7. Let u be 1*-2*1214/w. Suppose -5*l + u = -108. What is the highest common factor of l and 13?
13
Suppose 2*y = 10 - 2. Let v(h) = 2*h + 0 - y + 2*h. Let w be v(6). What is the greatest common divisor of 4 and w?
4
Let u(d) = -d**3 + 8*d**2 + 22*d + 7. Let h be u(10). What is the greatest common divisor of h and 27?
27
Let y be (-8)/14*(-4 + 18/(-6)). Calculate the greatest common divisor of 18 and y.
2
Let k(q) = -q**3 + 22*q**2 - 18*q - 21. Let i be k(21). Calculate the highest common factor of i and 14.
14
Let c = 4 + -2. Let j(o) = 0*o**2 - 1 - 2*o**c + 10*o**2. Let x be j(-1). What is the highest common factor of 77 and x?
7
Suppose -60 = -0*w - 2*w + 3*x, -w = 3*x - 21. What is the highest common divisor of w and 9?
9
Suppose -l - 5*w + 44 = 0, 2*w = l - 42 - 2. What is the greatest common f